mber?
False
Is 6315649 composite?
True
Is 61771441 prime?
False
Is 3998139 composite?
True
Is 48849371 composite?
False
Is 1053023 prime?
False
Is 28798423 prime?
False
Is 36645001 prime?
True
Is 210231647 composite?
False
Is 126672391 composite?
False
Is 12693914 a composite number?
True
Is 357421367 a composite number?
True
Is 11630441 prime?
True
Is 1062107 composite?
False
Is 10426723 a composite number?
False
Is 10918291 a prime number?
False
Is 4835867 composite?
False
Is 12796703 composite?
False
Is 25258019 a prime number?
False
Is 36812623 a composite number?
False
Is 29552773 prime?
False
Is 3966913 a prime number?
True
Is 7818049 prime?
True
Is 46276787 prime?
True
Is 5403361 prime?
True
Is 20390759 a composite number?
False
Is 1613261 prime?
False
Is 1147409 prime?
True
Is 227827 prime?
True
Is 240094247 prime?
False
Is 131621047 prime?
True
Is 2709869 a prime number?
False
Is 27468535 composite?
True
Is 836791 prime?
False
Is 40387957 composite?
False
Is 1148403 a prime number?
False
Is 7149031 a composite number?
True
Is 61497409 prime?
True
Is 2833085 a prime number?
False
Is 114163031 composite?
False
Is 250797857 a composite number?
True
Is 8054261 a composite number?
False
Is 155897 prime?
False
Is 16354315 composite?
True
Is 272566649 prime?
True
Is 9167357 prime?
False
Is 31106939 prime?
False
Is 1751259 a composite number?
True
Is 13199293 prime?
False
Is 7404071 composite?
True
Is 77815163 a composite number?
True
Is 2922167 a prime number?
True
Is 2904163 prime?
True
Is 51213497 a composite number?
False
Is 109159 prime?
True
Is 52316753 a composite number?
True
Is 98630201 composite?
True
Is 9509719 composite?
False
Is 149623283 a composite number?
False
Is 15175231 prime?
True
Is 10937105 composite?
True
Is 48398717 a composite number?
False
Is 4793771 prime?
True
Is 434693 prime?
False
Is 4361405 a composite number?
True
Is 21307333 a composite number?
False
Is 2558909 prime?
True
Is 1678177 prime?
False
Is 94970989 composite?
False
Is 5884691 a prime number?
True
Is 134797 composite?
True
Is 325019587 a prime number?
False
Is 3033473 composite?
False
Is 1035323 a composite number?
False
Is 201988811 a prime number?
True
Is 5074165 a prime number?
False
Is 1580617 a composite number?
False
Is 225068359 composite?
False
Is 4697447 composite?
False
Is 198037183 a prime number?
False
Is 368833 composite?
False
Is 11956533 prime?
False
Is 1293787 a composite number?
True
Is 154657793 prime?
False
Is 882751 composite?
False
Is 66379 a prime number?
False
Is 1532031 a composite number?
True
Is 998377 a prime number?
True
Is 1378903 a prime number?
True
Is 8151683 composite?
True
Is 1482582007 prime?
True
Is 9161066 prime?
False
Is 1460843 a prime number?
False
Is 117394003 composite?
False
Is 6647741 prime?
True
Is 11390573 prime?
True
Is 470333 prime?
True
Is 103242619 a prime number?
True
Is 28775993 composite?
False
Is 2843747 a composite number?
False
Is 15063661 prime?
True
Is 168788807 a prime number?
False
Is 55250609 composite?
True
Is 25868113 composite?
False
Is 1626551 a composite number?
True
Is 64902317 a composite number?
False
Is 3262949 prime?
True
Is 9395873 composite?
False
Is 6495767 a composite number?
True
Is 4102937 composite?
False
Is 1888151 composite?
False
Is 6659483 prime?
False
Is 138848291 composite?
False
Is 2373101 prime?
False
Is 151500779 a prime number?
True
Is 23289817 composite?
True
Is 23860069 a composite number?
True
Is 15846269 composite?
False
Is 431591 a composite number?
True
Is 5727679 composite?
True
Is 47035097 a prime number?
True
Is 11760239 prime?
True
Is 2457743 a composite number?
True
Is 253269379 composite?
True
Is 3282023 a prime number?
False
Is 193220087 a prime number?
False
Is 1734883549 composite?
True
Is 26256731 a prime number?
False
Is 3283019 a composite number?
False
Is 3374899 a prime number?
False
Is 556781 a prime number?
True
Is 15508433 a prime number?
True
Is 49005403 a composite number?
True
Is 4079897 a composite number?
True
Is 5910631 a prime number?
False
Is 105447791 a composite number?
False
Is 62164999 a prime number?
False
Is 413403829 composite?
False
Is 20028773 a prime number?
True
Is 481933 a prime number?
False
Is 45162473 a prime number?
True
Is 230613709 a composite number?
True
Is 28225581 a prime number?
False
Is 2131739 a composite number?
True
Is 10793557 a composite number?
True
Is 9983678 composite?
True
Is 15584479 a prime number?
True
Is 564701 a composite number?
False
Is 24221671 a composite number?
False
Is 40113431 a prime number?
False
Is 62383765 a prime number?
False
Is 13750259 a composite number?
False
Is 803921 prime?
True
Is 69415231 prime?
False
Is 229907 a prime number?
False
Is 857813 a prime number?
False
Is 748199 composite?
False
Is 2256907 composite?
True
Is 25634569 prime?
False
Is 21810653 composite?
False
Is 4194766 prime?
False
Is 773367107 composite?
True
Is 53267983 composite?
True
Is 3643201 prime?
True
Is 1387423 prime?
False
Is 10633867 prime?
False
Is 136242723 a prime number?
False
Is 41149 a prime number?
True
Is 922897 prime?
True
Is 50840089 prime?
False
Is 7766833 a prime number?
False
Is 18744769 composite?
True
Is 2853859 composite?
True
Is 4303319 a prime number?
False
Is 298939 composite?
True
Is 10624877 composite?
False
Is 27518857 a prime number?
True
Is 536985697 composite?
False
Is 2436479 a prime number?
True
Is 14814421 a composite number?
True
Is 1254213031 a composite number?
False
Is 67257095 a prime number?
False
Is 7885621 a composite number?
False
Is 531612713 a composite number?
True
Is 1056563 a prime number?
True
Is 547061917 prime?
True
Is 7185977 a prime number?
False
Is 382860979 prime?
True
Is 140268001 prime?
True
Is 5225027 composite?
False
Is 318352273 a prime number?
False
Is 440125571 prime?
True
Is 509529 a prime number?
False
Is 310494739 prime?
True
Is 191111 prime?
False
Is 33992293 composite?
False
Is 399841 a prime number?
False
Is 250087821 composite?
True
Is 27619077 a prime number?
False
Is 3059869 a prime number?
False
Is 3436697 a prime number?
False
Is 134009 a composite number?
True
Is 1904095 composite?
True
Is 314098 composite?
True
Is 852457 prime?
True
Is 8063531 prime?
False
Is 52701179 prime?
True
Is 2104013 a composite number?
False
Is 9667421 a prime number?
True
Is 127018469 a composite number?
True
Is 357257441 prime?
True
Is 13178509 prime?
False
Is 416215 a composite number?
True
Is 203941677 prime?
False
Is 15421759 a composite number?
False
Is 799927 a composite number?
True
Is 821263 composite?
False
Is 8737693 prime?
True
Is 524459 composite?
True
Is 26619767 a composite number?
True
Is 1953041 a composite number?
False
Is 50618647 prime?
True
Is 27308527 prime?
True
Is 32760877 a prime number?
False
Is 5646701 a composite number?
True
Is 5603063 prime?
True
Is 1789649 a prime number?
True
Is 2867213 a composite number?
False
Is 9988306 a prime number?
False
Is 10996591 a composite number?
False
Is 70529593 a composite number?
True
Is 17419309 a prime number?
True
Is 220505981 prime?
False
Is 108073507 a prime number?
False
Is 75671951 a composite number?
False
Is 14334473 a prime number?
False
Is 776357 composite?
False
Is 1958137 a prime number?
True
Is 248971 prime?
True
Is 47563259 a prime number?
False
Is 2192527 composite?
True
Is 16909771 composite?
False
Is 1612021 a composite number?
True
Is 77725573 prime?
True
Is 1063813 a composite number?
False
Is 126583 a composite number?
False
Is 282303943 a prime number?
False
Is 305566631 prime?
False
Is 270191447 prime?
True
Is 2159177 prime?
True
Is 1892391 a composite number?
True
Is 90781909 prime?
False
Is 45775439 composite?
True
Is 1867183 a composite number?
False
Is 10264207 prime?
False
Is 4311571 composite?
True
Is 395053 a composite number?
True
Is 17030201 a composite number?
False
Is 762777907 composite?
False
Is 6271561 prime?
True
Is 49667294 a prime number?
False
Is 2878737 a composite number?
True
Is 3222991 a prime number?
True
Is 16973459 composite?
True
Is 20204813 prime?
True
Is 73183 a composite number?
True
Is 45955771 a composite number?
True
Is 16630241 a prime number?
True
Is 1076707 prime?
True
Is 10335719 a prime number?
True
Is 92645323 a prime number?
True